 = 23*w - f*w. Calculate the remainder when 81/(2 + 2 + -3) is divided by w.
25
Let b = 70 + 36. Let t(j) = 24*j**2 - 39*j + 37. Calculate the remainder when b is divided by t(1).
18
What is the remainder when (3 - (-4 + 17)) + 239 is divided by 56?
5
Let z be 4*(-2 - 10/(-4)). Suppose 0*s - z*s - 3*p = -21, -s - 22 = -5*p. What is the remainder when s*(21/9 - 0) is divided by 2?
1
Suppose -4 + 1 = 3*f. Let l = 0 - f. Calculate the remainder when -103*(l + -2) + -1 is divided by 26.
24
Suppose 65*i = 35*i + 4740. Suppose -1 - 2 = -a - 5*x, 2*a - 26 = -5*x. What is the remainder when i is divided by a?
20
Suppose -149 = -5*h + 231. Let u = -5 + 8. Suppose -7*n + h = -u*n. What is the remainder when n is divided by 7?
5
Let g(c) = c + 61. What is the remainder when 54 is divided by g(-16)?
9
Suppose -3 = 2*t - 11. Suppose 5*h + t*p - 231 + 87 = 0, 0 = 3*h + 3*p - 84. What is the remainder when h is divided by 17?
15
Let j(t) = 30 + t**2 - 4*t + 4*t - t. Suppose 2*n - d = -5*d + 16, 2*d = 8. What is the remainder when j(n) is divided by 8?
6
Let g = 237 - 191. What is the remainder when 274 is divided by g?
44
Let l = 328 + -307. What is the remainder when 77 is divided by l?
14
Let w(k) = -k**3 + 7*k**2 + 14*k + 3. What is the remainder when w(-3) is divided by 18?
15
Suppose 0 = -2*v + v - 15. Calculate the remainder when 49 is divided by ((-20)/v)/((-6)/(-45)).
9
Let k be 2/((-120)/28 - -4). What is the remainder when 23 is divided by 28/k*1*-3?
11
Suppose 4*x = -x + n - 552, -2*n + 224 = -2*x. Let b = -69 - x. Calculate the remainder when b is divided by 11.
8
Suppose 4*t = 29 + 391. Calculate the remainder when t is divided by 23.
13
Let q(u) = 10*u + 48. What is the remainder when 136 is divided by q(-2)?
24
Suppose -10*b - 59 = -109. Calculate the remainder when (-6)/9*(-114)/4 is divided by b.
4
Suppose 0 = 13*n - 9*n - 24. What is the remainder when 28 is divided by n?
4
Suppose -4*h = 4*k + 22 - 86, -h + 4 = 0. Suppose 0 = 4*d + 5*a - 155, -5*d + a + 139 = -91. What is the remainder when d is divided by k?
9
What is the remainder when 72 is divided by (10 - (2 - -6))*14?
16
Let u be (-1)/1 - (5 - 2). Suppose -16*g - 48 = -14*g. Let x = u - g. What is the remainder when x is divided by 8?
4
Let f(z) = z + 44. Let h be f(8). Let l = 58 - h. What is the remainder when l is divided by 6?
0
Suppose 36 = 3*n + 3*p, -3*p = 4*n - 8*p - 57. Suppose h - n = 26. Calculate the remainder when h is divided by 21.
18
Suppose -2*u + 47 = 5*g, -4*u + 3*g - 28 = -83. Let f be 2*(-4)/u*178. Let d = f + 133. What is the remainder when d is divided by 15?
14
Suppose -5*w = 5, -6*w + 79 = x - 11*w. What is the remainder when 175 is divided by x?
27
Suppose -27*n = -26*n. Suppose n = 3*h - 15, 14 = o - 5*h. Calculate the remainder when o is divided by 14.
11
Calculate the remainder when -50 + 46 - (-3)/((-6)/(-448)) is divided by 45.
40
Suppose -p = -2*p - 1, 396 = 4*q - 4*p. Let j = q - 55. What is the remainder when 170 is divided by j?
41
Suppose 0 = 5*d + 3*h - 262, -5*d + 18*h = 17*h - 266. Calculate the remainder when 157 is divided by d.
51
Suppose 84*u = 82*u + 88. Let q(n) = n**3 - 5*n**2 - n + 3. Let i be q(5). Calculate the remainder when u is divided by (i + (-46)/(-8))*4.
14
Suppose -3*o + 4*f - 72 = o, 3*f = 5*o + 94. Let d = o + 14. Let b = d - -17. What is the remainder when b is divided by 6?
5
Calculate the remainder when 347 is divided by -71*2/(-10) + (-16)/80.
11
Suppose 2*q - 126 - 174 = 0. Calculate the remainder when q is divided by 22.
18
Suppose -7*d + 200 = -66. Calculate the remainder when 297 is divided by d.
31
Suppose 2*f - 2*g - 290 = 0, 3*f + g + 445 = 6*f. What is the remainder when f is divided by 11?
7
Suppose -5*q + 21 + 171 = -3*f, q - f = 38. Calculate the remainder when q is divided by 13 - 2 - -1 - 1.
6
Suppose 30*v + 3*k - 127 = 26*v, 5*k = 3*v - 59. Calculate the remainder when 223 is divided by v.
27
Suppose 5*y - 4*v - 427 = -v, -167 = -2*y + 5*v. Suppose -5*t = -2*n - y + 6, 5*n = 3*t - 29. Calculate the remainder when 51 is divided by t.
15
Let f(q) = 9*q + 32. Calculate the remainder when f(4) is divided by 19.
11
Let i(v) = 70*v + 670. Let z(l) = l**3 + 5*l**2 - 5*l + 1. Calculate the remainder when i(-7) is divided by z(-5).
24
Suppose -18*t - 11*t + 2233 = 0. What is the remainder when t is divided by 13?
12
Let o be -69*(51/(-45) + 2/15). Suppose g - 122 = -o. What is the remainder when g is divided by 9?
8
Suppose -321*c + 312*c + 3222 = 0. What is the remainder when c is divided by 72?
70
Suppose 2*m + 5 = m, 5*h - 140 = -3*m. Calculate the remainder when 151 is divided by h.
27
Suppose 2*q + 5*h = 78, 3*q + 2*h = 46 + 71. Calculate the remainder when q is divided by 18.
3
Let m(x) = x**3 - 21*x**2 - 47*x + 34. Calculate the remainder when 227 is divided by m(23).
7
Suppose -c + 0*c + 3 = 0. Let k(n) = 3*n**2 - 14*n - 15. Calculate the remainder when k(-2) is divided by c.
1
Suppose 10*l + 37 - 137 = 0. Calculate the remainder when 227 is divided by l.
7
Let f = 35 + -35. Calculate the remainder when 56 is divided by (30 - f)*(-20)/(-50).
8
Suppose -5*z - 2*a + 4*a + 100 = 0, 4*z - 2*a - 80 = 0. Calculate the remainder when 76 is divided by z.
16
Calculate the remainder when -496*(38/(-56) - (-126)/294) is divided by 3.
1
Suppose -3*g + 6*v - 4*v + 361 = 0, 0 = -4*g - 4*v + 448. Suppose -c = 102 - 36. Let y = -36 - c. What is the remainder when g is divided by y?
27
Let s = -65 - -190. Suppose -97 = -6*d + s. Calculate the remainder when 145 is divided by d.
34
Suppose -13*u = 72 - 176. Let t(y) = -y**3 - 2*y**2 - 3*y + 3. What is the remainder when t(-3) is divided by u?
5
Suppose 2*h = t + 313, 2*h - 10*t + 15*t - 295 = 0. What is the remainder when h is divided by -4 + 1 + 2 + 40?
38
Let q = 669 - 560. What is the remainder when q is divided by 5?
4
Suppose 233 - 298 = -5*c. Suppose -3*n + 5*b - 209 = 3*b, b = 1. Let j = n - -119. What is the remainder when j is divided by c?
11
Let r = 10 - 14. Let d(s) = -s**3 - 5*s**2 - 6*s - 2. Let b be d(r). Let p = 19 - b. What is the remainder when p is divided by 7?
6
Suppose -6*k = -3*k - 66. Suppose -4*l + 25 = l - 5*y, -2*y = -4*l + k. What is the remainder when ((-5)/(20/9))/((-9)/84) is divided by l?
3
Suppose 4*u - 101 = -3*n, -69 + 15 = -2*n + 4*u. Suppose -3*d + 2*p + 12 = -21, -4*p = 0. What is the remainder when n is divided by d?
9
Let k = -33 - -50. Let o(t) = t + 2. Let h be o(4). What is the remainder when k is divided by ((-20)/(-15))/(2/h)?
1
Let l = -14 + 14. Suppose h + 6 = 3*a, 2*h + 3 = 3*a - l. Suppose -h*s + 38 = -2*s. Calculate the remainder when s is divided by 20.
18
Let q(s) = -2*s**2 + 11. Let r be q(0). Calculate the remainder when 19 is divided by -4 - r/(-3) - (-120)/9.
6
Suppose 0 = 35*c - 30*c - 5. Suppose -3*p + 8 = -c. Suppose 0*h - 3*h = 2*v - 13, 5*h = p*v - 29. Calculate the remainder when 13 is divided by v.
5
Suppose 0 = -3*m - 6, -2*s + 0*s = 3*m. What is the remainder when (-1)/(-4) + s + (-188)/(-16) is divided by 6?
3
Let w(s) = s**2 + 9*s + 7. Let l be w(-9). Let x(g) = g**2 - 7*g + 6. Calculate the remainder when 25 is divided by x(l).
1
Suppose i = -5*c + 82, -3*i + 256 = 12*c - 7*c. Let f = i + -77. Suppose 3*p + 4*r = 29, -5*p + p + 2*r + 2 = 0. Calculate the remainder when f is divided by p.
1
Let h(m) = 9*m - 2. Let v be 2/(-6) - 25/15. Let i(f) = -f**3 + 2*f**2 + f + 4. Calculate the remainder when h(4) is divided by i(v).
16
Suppose -o = -2*o + 28. Let l = 39 + 42. What is the remainder when l is divided by o?
25
Let p = -272 + 418. What is the remainder when p is divided by 25?
21
Calculate the remainder when 284 is divided by (-13)/26 - 2/8*-62.
14
Calculate the remainder when (635/(-20))/(1/(-4)) is divided by 13.
10
Let t(d) = -18*d - 38. What is the remainder when 77 is divided by t(-3)?
13
Suppose 20*k + 2488 = 22*k. Suppose -6*i - 176 + k = 0. What is the remainder when i is divided by 30?
28
Suppose -2*z = 3*t - 5*z - 486, 312 = 2*t - 5*z. Calculate the remainder when t is divided by 28.
26
Suppose 5*u + 0*v = -2*v - 518, v = 2*u + 200. Calculate the remainder when 40 is divided by u/(-14) + (-10)/35.
5
Let q be (3 + -2)/(2/(-4)). What is the remainder when ((-122)/(-2) - -2) + 1 + q is divided by 